r + 6. Let v be 5/2*(-84)/(-35). Let z be b(v). Suppose -3*x + 216 = 3*g + g, z = 4*x - 16. What is the units digit of g?
1
Suppose 2*h = 6*h - 32. Suppose -2*j + 0*i - h = -2*i, 2*i = -j - 10. What is the tens digit of 56 - 12/(j/2)?
6
Suppose -1035672 - 458356 = -68*h. What is the tens digit of h?
7
Let c = -920 + 128. Let k = 2333 + c. What is the tens digit of k?
4
Let c be (-56)/(-196) + 284/(-14). What is the units digit of -5*(1 - (-3344)/c)?
1
Suppose -2*o + 0*c = -2*c - 8, -2*c + 1 = o. Suppose -19 = -o*m + 32. Suppose 4*u + m = 2*q + 135, u + 4*q = 25. What is the units digit of u?
9
Suppose 93*n + 24 = 97*n. Suppose 5*y - 2*i + 7*i - 45 = 0, -3*i + n = 0. What is the units digit of y?
7
Suppose -5*r + 518 = 4*c - 3*r, -4*r - 667 = -5*c. Let o = -408 - -354. Let l = c + o. What is the tens digit of l?
7
Suppose u = -3*n + 23219, n - 3*u - 1065 = 6658. What is the tens digit of n?
3
Let v(q) = q**3 - 10*q**2 - 10*q + 276. What is the tens digit of v(10)?
7
Let h be 18/27*(-6)/(-4). Let v be (3 - h/3)/(2/(-6)). What is the tens digit of (v/4 - -3)/(2/52)?
2
Suppose 5*l = 0, -2*g + 89*l = 86*l - 52960. What is the tens digit of g?
8
Suppose 0 = -18*w - 43246 + 72487 + 51201. What is the thousands digit of w?
4
Suppose 5*q - 1786 = 164. Let s = q + 56. What is the tens digit of s?
4
Let u be 28/(-245)*-5 + 2780/(-14). Let x = u - -525. What is the units digit of x?
7
Let i(x) be the first derivative of 103*x**5/60 - x**4/8 - x**3/3 - 3*x**2 - 13. Let u(p) be the second derivative of i(p). What is the units digit of u(-1)?
4
Let h = 2080 - 1708. What is the tens digit of h?
7
Suppose 405254 + 94741 - 59271 = 76*m. What is the tens digit of m?
9
Suppose 138*w - 346*w + 4111952 = 0. What is the ten thousands digit of w?
1
Suppose v + 85 + 265 = -2*b, 4*v + 5*b = -1394. Let d = -198 - v. What is the tens digit of d?
4
Let p = -688 + 683. What is the units digit of 545 - (p - -4)*1?
6
What is the thousands digit of -18 - (-20)/(-60)*-154701?
1
Suppose -z - 4 = -2, 190 = -3*l + z. Let f = l + 75. Suppose -f*k + k = -650. What is the units digit of k?
5
Let x = -31944 + 49407. What is the units digit of x?
3
Let p(a) = -a**3 + 10*a**2 + 44. Let c be p(10). What is the hundreds digit of 141 - (c/286 - 2/13)?
1
Let h be (-2 + 2)*(35/(-15) - -2). Suppose 0 = -t - w + 348, h = 2*t - w - 395 - 286. What is the units digit of t?
3
Let o(f) be the third derivative of -1/3*f**3 + 7/4*f**4 + 0*f + 0 + 3*f**2. What is the units digit of o(1)?
0
Let n(t) = t**2 - 595*t + 89018. What is the hundreds digit of n(0)?
0
Suppose -2*s = 4*i - 2*i - 12, 3*i = 2*s - 27. Suppose 0 = s*c - 211 - 4973. What is the tens digit of c?
7
Suppose -515 = -3*q + p + 1337, 0 = 3*q - 5*p - 1844. Suppose 0 = -7*w + q + 936. What is the tens digit of w?
2
What is the ten thousands digit of (-10429)/(-3)*(1 + (-11 - -16))?
2
Let g be ((-75)/10)/(-2 + 38/24). Let p = 501 - g. What is the units digit of p?
3
Let q(b) = -4*b**3 - 60*b**2 - 30*b - 191. What is the hundreds digit of q(-19)?
1
Let z be (-18)/2*(-5)/15. Suppose m - 69 = -z*i + 3*m, 0 = 5*i + m - 102. What is the units digit of i/((-4)/16*-4)?
1
Suppose 5*q = -4*w + 37631, -780*q + 775*q + 9434 = w. What is the tens digit of w?
9
Let i = 24 + -21. Let p be 21/(-35) + i/5. Suppose -1 = 2*v - 5*m - 21, -v - 5*m - 5 = p. What is the units digit of v?
5
Let x = -408 + 671. What is the units digit of x + -3*(-3 - -4)?
0
Let b(t) = -8*t**3 - 3*t**2 + t - 10. Let p be b(-5). What is the units digit of (p/(-21))/((-2)/3)?
5
What is the tens digit of (-8*(-1397)/(-44))/(2/(-6))*13?
0
Suppose -5*j = -4*k - 38916 - 115897, 2*j - 5*k = 61932. What is the ten thousands digit of j?
3
Suppose 10678 + 8409 = j + 5*q, 4*q = -3*j + 57327. What is the tens digit of j?
1
Suppose 29*g = 26*g + 21, 5*b = g + 31753. What is the thousands digit of b?
6
Let w be 26*(-8)/(-4)*1. Let o = 291 - w. Suppose 8*y = o + 81. What is the tens digit of y?
4
Let b(u) = -3*u**2 + 51*u + 14. Suppose c + 4*q = 24, 2*c = -5*q - 0*q + 42. What is the tens digit of b(c)?
6
Let u = -47 + 56. Suppose u*z - 3081 - 5667 = 0. What is the units digit of (-84)/((z/40)/9 + -3)?
0
Suppose 5*l - 3*w - 35613 - 14397 = 0, 2*l - 4*w - 19990 = 0. Suppose -2171 - l = -16*a. What is the hundreds digit of a?
7
Let d = -1836 - -12546. What is the ten thousands digit of d?
1
Let a be 27*-1*(-14)/21*1. What is the tens digit of (a/2)/((-3)/(-9))?
2
Let f be (1 + 94/(-6))*(-78)/(-4). Let s = -42 - f. Suppose -3*i - 277 = -5*z, -4*z + i - 21 + s = 0. What is the tens digit of z?
5
Suppose 0 = 573*c - 397*c - 4170848. What is the thousands digit of c?
3
What is the tens digit of ((-106011)/144*-4)/((-4)/(-16))?
7
Let u = -3550 + 32644. What is the tens digit of u?
9
Suppose -2*w = -4*a - 7*w + 12, a - 2*w - 16 = 0. Let p(y) = y**3 - 6*y**2 - 15*y - 6. Let q be p(a). What is the hundreds digit of 34500/325 - q/13?
1
Let n(j) be the second derivative of -j**5/20 + 13*j**4/4 + 17*j**3 - 29*j**2 - 22*j. What is the hundreds digit of n(41)?
7
Suppose 2*n = -123 + 87. What is the tens digit of n/(-99) + 27430/22?
4
Let f = 318 - 333. What is the tens digit of ((-28)/(-3) + -1)*(-18)/f?
1
Let z(t) = 31400*t**3 + 26*t**2 - 30*t + 3. What is the ten thousands digit of z(1)?
3
Suppose 0 = -5*b - 5*s + 24925, -17358 = -5*b - s + 7543. What is the thousands digit of b?
4
Let l(m) = 181*m + 68. Let y(g) = 91*g + 33. Let c(t) = 6*l(t) - 13*y(t). What is the tens digit of c(-4)?
6
Let u(m) = -13*m + 8*m + m + 14. What is the tens digit of u(-4)?
3
Let k = 13297 + -8915. What is the thousands digit of k?
4
Let h(b) = -2567*b - 7741. What is the hundreds digit of h(-18)?
4
Let s(x) = -297*x - 14. Let a(c) = -3*c**2. Let l be a(1). What is the hundreds digit of s(l)?
8
Suppose 0 = 5*j - 4*z - 241685, -j + 4389*z - 4386*z + 48326 = 0. What is the hundreds digit of j?
3
Suppose -146*z + 132*z = -102564. What is the hundreds digit of z?
3
Let o(y) be the third derivative of -11*y**6/40 + y**5/60 + y**4/8 + y**3/3 - 12*y**2. Let d be o(-3). What is the tens digit of 6/(-33) + (-4)/((-44)/d)?
8
Let z = 39813 + -28085. What is the tens digit of z?
2
Suppose 10042 = -4*a + 26034. What is the hundreds digit of a?
9
Let i = -14 + 18. Suppose i*k = 9 - 1. Suppose 5*q - 35 - 185 = -p, -3*q + k*p = -132. What is the units digit of q?
4
Suppose 4*k = 5*a + 930, 0*a + 2*a - 3*k + 379 = 0. Let l = a - -242. What is the units digit of l?
0
Suppose -4*l + 5*i = -32, 3*l + 68 = 7*l + 4*i. Suppose l + 1 = 7*u. Suppose 0 = -5*q + u*d + 4, 4*d - 2 - 16 = -3*q. What is the units digit of q?
2
Let v be (3 - -1)/(2 - 134/68). Let h be (3/(30/v))/(54/135). Suppose 5*d + h = 3*b, d - 3*d = -3*b + 19. What is the units digit of b?
3
Let o = 47 - 20. Let r(n) = -n**3 + 7*n**2 - 7*n - 2. Let z be r(4). Let j = o + z. What is the units digit of j?
5
What is the tens digit of 109071/3 + 143/(-13)?
4
Suppose -a + 1145 = -2*t - 2*a, -t - 580 = 2*a. Let r = 380 + t. Let h = -50 - r. What is the hundreds digit of h?
1
Suppose -5*w - 14*w + 131917 = 0. What is the units digit of w?
3
Suppose -17*q + 616 = 191. What is the hundreds digit of (-5)/(q/10)*-86?
1
What is the hundreds digit of 3736 + (-49)/(-3 + -4) - -3?
7
Suppose 2*l + 3*l + 5*j = 20, -4*l + 40 = -4*j. Suppose 0 = l*p - 6*p - 3. Let m = 21 - p. What is the tens digit of m?
1
Let a = -49 - -53. Suppose f - 563 = -a*z + 318, 0 = 4*f - 4. What is the units digit of z?
0
Let t be 4 - (5 - 3) - 2. Suppose t = 10*f - 4799 - 581. Suppose -8*z + f = -958. What is the tens digit of z?
8
Let k(s) be the second derivative of s**4/12 + 5*s**3/3 - 39*s**2/2 + 75*s. What is the hundreds digit of k(11)?
1
Suppose 2*h + 28 = 3*y, -11*y + 34 = -7*y - 2*h. Suppose -5*a = -4*l - 10*a + 7379, 0 = -2*a + y. What is the tens digit of l?
4
Let i = 2692 + 6118. What is the units digit of i?
0
Let z(r) = 3*r + 15. Let b be z(-4). Suppose 3*j - t = 658, 2*j - b*j = 3*t - 216. What is the units digit of j?
9
Suppose 150283 + 484542 + 194384 = 51*c. What is the hundreds digit of c?
2
Let q = -15665 + 25832. What is the hundreds digit of q?
1
Suppose 36*n = 32*n + 8. Suppose -2*g - n*r = -117 - 1955, -r = 4*g - 4135. What is the thousands digit of g?
1
Suppose -39*n = -3456 - 14846 - 223. What is th